er when 2 is divided by d?
0
Let x = 32 + -29. Suppose 3 = -5*l + 4*l. Calculate the remainder when 24 is divided by (-26)/x*l/2.
11
Suppose 0*i + i - 3 = 0. Let u be i + 2 + 1 + -12. Let l = u + 40. Calculate the remainder when l is divided by 12.
10
Let n = 44 - 37. Calculate the remainder when n is divided by 5.
2
Let o be 3/1 - (-27 + 2). Suppose -5*u - n + 12 = -o, u = -n + 8. What is the remainder when 30 is divided by u?
6
Suppose v + 12 = 4*v. Suppose 0 = v*f - 4*q - 240, -6*q + 2*q + 187 = 3*f. Calculate the remainder when f is divided by 16.
13
Let o = 6 - 5. Calculate the remainder when (10 + -1)*(4 - o) is divided by 14.
13
Suppose 3*o + 4*d = 12, 0 = o + 4*d + 6 - 2. Suppose -16*i + 25 = -23. Calculate the remainder when o is divided by i.
2
What is the remainder when (1*(-128)/2)/(-2) is divided by 17?
15
Let d = -3 - -7. Let x = -226 + 230. What is the remainder when x is divided by d?
0
Let i(c) = -17*c**3 + c. Let q be i(1). Let y be 12/30 + q/(-10). Suppose -y*u = z + z - 34, 2*z - 49 = u. Calculate the remainder when z is divided by 12.
10
Let v(d) = -44*d. Suppose 22 = 2*q + 2*k, 0 = -3*q - 0*k + 2*k + 53. What is the remainder when v(-1) is divided by q?
14
Suppose 2*y = n + 30, -4*n + 12 + 18 = 2*y. Calculate the remainder when 52 is divided by y.
7
Let q(s) = -s + 1. Let n be q(-4). Suppose 2*j = n*v + 10, -3 - 39 = -4*j - v. What is the remainder when 18 is divided by j?
8
Let l = -6 + 15. Calculate the remainder when l is divided by 5.
4
Let y = 55 - 28. What is the remainder when y is divided by 10?
7
Suppose 82 = -2*a + 4*a. What is the remainder when a is divided by 21?
20
Let o = 3 + -5. Let h(m) = 4*m**2 + 4*m + 3. Suppose -65 + 3 = -2*f. Calculate the remainder when f is divided by h(o).
9
Let j = -146 - -205. Calculate the remainder when j is divided by 21.
17
Suppose w - 14 = 2*v, 0*w + w = -4*v + 20. Let s(o) = 31*o**2 - 2*o + 1. Let l = 7 + -6. What is the remainder when s(l) is divided by w?
14
Let y = -84 - -109. Calculate the remainder when 71 is divided by y.
21
Suppose -2 + 18 = 4*f. Suppose f*n = 6*n - 20. What is the remainder when n is divided by 4?
2
Suppose 0 = 4*i, 4*f - i = -0*i + 108. What is the remainder when 52 is divided by f?
25
Let h be 4/(-22) + 40/(-22). Let m(x) = x**3 + 4*x**2 - 1. Let y(a) = 6*a - 5. Calculate the remainder when y(4) is divided by m(h).
5
Suppose 2*c - 3*c = -5. Suppose 4*h - 3*m + 2*m = 161, -c*h - 4*m + 217 = 0. Calculate the remainder when h is divided by 11.
8
Suppose 0 = 5*a + 5*s + 5, 0*a + 4*a - 23 = 5*s. Calculate the remainder when 6 is divided by a.
0
Let s(h) = -12*h - 27. What is the remainder when s(-8) is divided by 18?
15
Let l be (-6)/(-4) + 3/2. Suppose 5*v - l*w - 92 = 0, 0*v = -v - 5*w - 4. What is the remainder when v is divided by 9?
7
Let b = -23 - -32. Let j(u) = 4*u - 11. Suppose -3*h + 2*h = -13. Calculate the remainder when j(b) is divided by h.
12
Let y be (1 - 10/(-2))/2. Calculate the remainder when ((-7)/y)/(7/(-63)) is divided by 8.
5
Suppose -2*k + 195 = 5*h - 4*k, 3*k + 149 = 4*h. What is the remainder when 162 is divided by h?
39
Calculate the remainder when 167 is divided by (25/(-20) + 2)*28.
20
Let f(g) = 8*g**3 + 13*g**2 - 30*g + 20. Let l(z) = -3*z**3 - 4*z**2 + 10*z - 7. Let k(u) = -4*f(u) - 11*l(u). What is the remainder when k(7) is divided by 7?
4
What is the remainder when 9 is divided by ((-1)/2)/(4/(-40))?
4
Suppose 4*c + 30 = w, -w = -0*w + 2*c. Let k = 152 + -83. Let u = 97 - k. What is the remainder when u is divided by w?
8
Let c = 39 + 16. Calculate the remainder when c is divided by 15.
10
Suppose 5 + 40 = 5*z. Let d(j) = -j**3 + 5*j**2 + 7*j - 3. Calculate the remainder when 5*(-3)/z*-3 is divided by d(6).
2
Suppose 3*p - 211 = -5*r, 3*p + 0*p = -4*r + 209. Calculate the remainder when p is divided by 14.
11
Let u(d) = -13*d - 5. Let q = -6 - -2. Calculate the remainder when u(q) is divided by 16.
15
Let j(q) = -4*q - 22. Let v be j(-12). Let h = v + 5. Calculate the remainder when h is divided by 17.
14
Let x = 12 + -12. Suppose f + 20 = -4*f, -4*a - 5*f + 136 = x. What is the remainder when a is divided by 10?
9
Let g(d) = 15*d**3 + 6*d**2 + 3*d. Let l(b) = 14*b**3 + 5*b**2 + 2*b. Let n(a) = -3*g(a) + 4*l(a). What is the remainder when 4/(-1 + 3)*17 is divided by n(1)?
10
Let n(q) = -q**2 + 14*q - 36. Calculate the remainder when 44 is divided by n(9).
8
Suppose 0 = f - 4*u - 5, 5*u = 3*u. Suppose m - 26 + 9 = 0. What is the remainder when m is divided by f?
2
Let b be 3*1 - 3/1. Suppose b = -r - 4*a + 38, -4*r = -2*a - 17 - 81. What is the remainder when r is divided by 14?
12
Suppose -4*k + 9 = -k. Suppose -36 = k*h - 0*h. Calculate the remainder when 6 is divided by 1/((-27)/h + -2).
2
Suppose 4*n + n - x = 30, -5*n + 15 = 2*x. Let r(z) = z**2 - 2*z + 4. Calculate the remainder when r(-3) is divided by n.
4
Let r(s) = -s**3 + 7*s**2 - 4*s - 6. Suppose -6*j + 30 = -j. Let d be r(j). What is the remainder when 13 is divided by (d/(-2))/3 - -8?
6
Let f be 1 - (3 + (1 - 3)). Suppose -a + 6 - 18 = f. Let m = 11 - a. What is the remainder when m is divided by 12?
11
Let t(o) = -8*o + 13. Calculate the remainder when 209 is divided by t(-5).
50
Suppose -8*r + 110 = -3*r + 3*k, -k + 66 = 3*r. Suppose 0 = 3*f - 138 - 54. Calculate the remainder when f is divided by r.
20
Suppose 2 + 0 = q. Let y(t) = 2*t**2 + 7 + t**3 + 4*t - q - 7*t**2. What is the remainder when 8 is divided by y(4)?
3
Let s = -8 + 5. What is the remainder when s/(-6) - (-147)/6 is divided by 13?
12
Suppose 0*i + 2*i = 0. Suppose i = 4*y - 93 - 35. Calculate the remainder when y is divided by 17.
15
Let l = -2 - 0. Let x be l + -10 + -1 + -1. Let c = x + 21. What is the remainder when c is divided by 4?
3
Let z = 22 - -7. Suppose 20 = -h + 3*h. What is the remainder when z is divided by h?
9
Let l be (-3)/9 + (-208)/(-3). Let c = l - 47. Calculate the remainder when c is divided by 12.
10
Let j(b) = b**3 + 9*b**2 - 4*b - 11. Calculate the remainder when j(-9) is divided by 14.
11
Suppose -43 = -3*n + 5*i, -i + 32 = 4*n - 10. Calculate the remainder when n is divided by 8.
3
Let k(o) = -o + 14. What is the remainder when k(8) is divided by 3?
0
Let t = -122 - -165. Calculate the remainder when t is divided by 15.
13
Let a = -7 + 14. What is the remainder when 19 is divided by a?
5
Let u = -8 + 3. Let d = 18 - u. Let v = -13 + d. What is the remainder when v is divided by 4?
2
Let k = -46 - -62. Suppose -3*f - 274 = -5*p - 58, -3*p = 4*f - 147. Calculate the remainder when p is divided by k.
13
Let z = -8 + 6. Calculate the remainder when 44 is divided by 2/4*-15*z.
14
Suppose 6*b = 2*b + 304. What is the remainder when b is divided by 16?
12
Let t(b) = -b + 2. What is the remainder when 24 is divided by t(-12)?
10
Let k = 167 + -108. Suppose 5*f = k + 21. Let i(m) = -10*m - 4. Calculate the remainder when i(-5) is divided by f.
14
Calculate the remainder when (5 - 3)*268/8 is divided by 35.
32
Let t(b) = b**3 - 8*b**2 - 6*b + 13. Let p be t(9). Suppose -4*w - p = -6*w. Calculate the remainder when 57 is divided by w.
17
Let r(j) = 3*j**2 - 3*j - 3. What is the remainder when 57 is divided by r(3)?
12
Suppose 4*b = 2*b + 6. Let d(t) = 12*t + 2. Let y be d(2). Suppose -b*o + y = -o. What is the remainder when 25 is divided by o?
12
Suppose 8*t - 88 = 4*t. Calculate the remainder when t is divided by (-6)/(-2) - 0 - -5.
6
Let f(w) = -5 - 9*w + 0*w + 1. What is the remainder when f(-4) is divided by 17?
15
Let a(c) = -2*c - 9. Let k be a(-6). Suppose k*o - 8 = o. Let m(i) = 5*i + 3. Calculate the remainder when m(o) is divided by 8.
7
Suppose -q + w - 2 + 19 = 0, -5*q + 4*w + 80 = 0. Suppose -3*g = -0*g - q. Let z(v) = v**3 - 4*v**2 + 2. Calculate the remainder when g is divided by z(4).
0
Suppose 4*n - 9*n = -35. Let p(r) = -r**3 - 4*r**2 + 5*r + 5. What is the remainder when n is divided by p(-5)?
2
Suppose 2*y + 222 = -5*p, 164 = -2*p - 2*p - 5*y. Let h = -33 - p. What is the remainder when 23 is divided by h?
10
Let z = 90 - 45. Calculate the remainder when z is divided by 24.
21
Let v = -2 - -17. Calculate the remainder when 73 is divided by v.
13
Suppose -2*q - 2*q + 2*z = -240, 5*q - 300 = -4*z. Let w = q + -42. What is the remainder when 53 is 